g**x + 3. What is the tens digit of v(3)?
1
What is the tens digit of -2 + 6 + -3 - (-36 + -1)?
3
Let u(m) = m**2 - 2*m - 4. Let v be u(3). Let s be -1 + 4 + v + 0. Suppose 2*b - 10 = s. What is the units digit of b?
6
Suppose -4*f + 185 = f - 5*d, 2*f - d - 72 = 0. What is the units digit of f?
5
Suppose -f - 4 + 7 = 0. Suppose 4*p + 6 = j - 0*p, j + 5*p = -f. What is the units digit of j?
2
Let w = 18 + -21. What is the units digit of 15/((-3)/w)*3?
5
What is the units digit of (39 + 2)*(-1 - -2)?
1
Let v(q) = q - 2. Let a(s) = 3*s**2 + 2*s - 1. Let m be a(1). Let p be v(m). What is the units digit of ((-52)/(-6))/(p/3)?
3
Let n = 1 + 1. Let o(x) = -n + 2*x + 1 - 5. What is the units digit of o(4)?
2
Let s(m) = -m**3 - 5*m**2 + 6*m - 6. Let z be s(-6). What is the units digit of 18/12 + z/(-4)?
3
Suppose -845 = -14*r + 9*r + 2*z, z = -r + 176. What is the units digit of r?
1
Suppose -8 = x - 4. Let v(j) = -j**2 - j - 4*j + 2 + 0. What is the units digit of v(x)?
6
Let q(j) = j**2 + 2*j - 29. What is the units digit of q(-16)?
5
Suppose -5*v + 75 = 4*g - 34, -2*v = g - 28. Suppose 4*z = -4*m + g + 22, -3*z = -3*m + 42. What is the tens digit of m?
1
Suppose -l = -5, 5*m + 0 = l + 25. Suppose -3*o = -m*o + 9. Suppose 3 = 2*p - o. What is the units digit of p?
3
Let i = 266 - -22. What is the hundreds digit of i?
2
Let i(w) be the first derivative of w**4/4 + 4*w**3/3 + 3*w - 3. What is the tens digit of i(-3)?
1
Suppose 4*c - 3*t - 975 = 0, 0*c + 505 = 2*c - 5*t. What is the hundreds digit of c?
2
Suppose -21 = 5*y + 9. Suppose 20 = -5*s + 4*t + 3, -2*t + 21 = -5*s. Let o = s - y. What is the units digit of o?
1
Let f be 6*2/(-4) - -31. Suppose -3*g = -7*g + f. What is the units digit of g?
7
Let n be 1/(-6) + 5/(-6). What is the units digit of 45 + n*(3 - 1)?
3
Suppose -2*b - 5*l - 17 = 2*b, -2*l = -2*b + 14. What is the units digit of ((-32)/12)/(b/(-6))?
8
Let w be (-4)/(-2) + 9 + -11. Let x = 5 + w. Suppose 9 = -l + x*q, 9 = l + 2*l + 3*q. What is the units digit of l?
1
What is the tens digit of (2 - (-7 - -12))*(-37)/3?
3
Let v = 4 - 7. What is the units digit of 2 + ((-2)/1 - v)?
3
Let p = -7 - -10. Let t(a) = 7*a - 6. What is the units digit of t(p)?
5
Let b(z) be the second derivative of -z**6/720 - z**5/60 - z**4/12 + 2*z. Let g(k) be the third derivative of b(k). What is the units digit of g(-7)?
5
Suppose -5*v - w = -2*v - 341, 3*v = -2*w + 346. What is the hundreds digit of v?
1
Let p(f) = -f**2 - 5*f + 1. Suppose m = -m - 8. What is the units digit of p(m)?
5
Let m be (-17)/(-3) - (-2)/6. Let o = 1 - -1. What is the units digit of m + (-1)/o*0?
6
Let h be (2 + -4)/(2/(-5)). Let w be 12/(-1)*h/(-4). Suppose 0*s + w = 3*s. What is the units digit of s?
5
Suppose 74 = 3*y - 5*b, 2*y - 3*b = -4*b + 45. Let l = y - 9. Suppose -i = -0*i - l. What is the units digit of i?
4
Let q(v) = v**3 - 6*v**2 - 2*v + 8. Let i be q(6). Let j = 6 + i. Suppose r = j*r - 5. What is the units digit of r?
5
What is the tens digit of (-1356)/27*-3 + (-4)/6?
5
Let x(d) = -2*d + 2. Let v be x(2). Let b be 3/v*260/(-15). Suppose -i = -3*y - b, 32 = 4*i - 2*i - 2*y. What is the tens digit of i?
1
Let j(z) = -2*z**3 + z**2 + z. Let f be j(-1). What is the units digit of (18/3)/f + 12?
5
Let z(m) be the second derivative of -3*m**5/20 - m**4/6 + m**2/2 - 3*m. What is the units digit of z(-1)?
2
Suppose 2*s - 42 = 22. What is the tens digit of s?
3
Suppose 4*s - 32 = -4*p - 0*s, p = 2*s + 2. What is the units digit of p?
6
Let z = 7 - 5. Let l(i) be the first derivative of 3*i**2/2 + 2*i - 2. What is the units digit of l(z)?
8
Let m = -11 + 7. Let u = 5 + m. What is the units digit of u?
1
Suppose 5*y + 3*h = 1363, 4*h = -3*y + 2*h + 818. What is the units digit of y?
2
Let v be 46/5 + (-3)/15. Suppose k + l = 3*l + v, -6 = 2*k + 4*l. What is the units digit of k?
3
Let x(b) = -b**3 - 8*b**2 - b - 8. Let s be x(-8). Suppose 2*n = a - 32, s*n - 64 = -2*a - 4*n. What is the units digit of a?
2
Let j(o) = o**3 + 8*o**2 - 9*o + 11. What is the tens digit of j(-8)?
8
Let a = 20 - 10. Let h = a - -3. What is the units digit of h?
3
Suppose 3*a - 12 = 0, 4*q + q + 4*a - 26 = 0. Suppose 2*o = -2*s + 52, -o + 24 = q*s - 6*o. What is the units digit of s?
2
Suppose 2*o + 3*o = 135. Let l = o + -4. What is the units digit of l?
3
Suppose 0*l - l + 434 = 3*w, w = l + 138. What is the tens digit of w?
4
Let i be -1 + 0 + 0 - -19. Let n = -7 + i. What is the tens digit of n?
1
Let t(c) = 2*c - 6. Let y be t(4). Let w = -1 + 3. What is the units digit of w + (13 + 1)/y?
9
What is the units digit of (-18)/15*(-680)/12?
8
Let m be 14/(-3) + 6/(-18). Let w = m - -39. What is the units digit of w?
4
Suppose 0 = -19*m + 13*m + 2238. What is the units digit of m?
3
Suppose q = -4*j + 19 + 20, -4*q = -2*j - 138. What is the tens digit of q?
3
Let r(x) = -3*x**2 - 7*x**3 + x**2 + 2*x + 8*x**3 - 9. What is the tens digit of r(4)?
3
Let q(s) = -2*s + 5*s - 4 + 2. Let k be q(6). Let n = k + -8. What is the units digit of n?
8
Let w be 8/20 - 34/10. Let b(j) be the second derivative of j**5/20 + j**4/4 - j**3/3 + j. What is the units digit of b(w)?
6
Suppose m = -0*m + 11. What is the units digit of m?
1
Let l be (-3)/2 - (-105)/10. Suppose -4*s + l*s = -20. Let o(c) = 2*c**2 + 4*c - 5. What is the tens digit of o(s)?
1
Suppose 96 - 15 = 3*j + 3*u, 108 = 4*j - 2*u. What is the units digit of j?
7
Let a(k) = 4*k + 9. Let p be a(4). What is the tens digit of (165/p)/((-1)/(-5))?
3
What is the units digit of 1/((-20)/(-2732)) + (-6)/(-15)?
7
Suppose 4*a - 108 = -4*h, a - 4*h - 109 = -2*a. What is the units digit of a?
1
What is the tens digit of (-1 - -2)/(((-36)/248)/(-9))?
6
Suppose 3*y = -3*t + 75, -5*y + 120 = 4*t + 20. What is the tens digit of 1 - (3 - 0 - t)?
2
Suppose -2*p - 8 = 2*p, 38 = 2*z - 2*p. What is the units digit of z?
7
Suppose 0 = q + 7 - 3. Let b be q/(-14) - (-26)/7. Let p(d) = 3*d - 3. What is the units digit of p(b)?
9
Suppose 0 = -w + 4*s - 10, -20 = 5*w + s + 30. Let k be w/(-4)*7*2. Let b = 50 - k. What is the units digit of b?
5
Let f be 0 - (0/(-2) + -25). Let g = f + -14. What is the tens digit of g?
1
Suppose 4*v - 18 = -0*v - 3*j, 0 = -2*v - 3*j + 12. Suppose -2*i + 6 = 4*u, 2*i + v*u = 5*i. What is the units digit of i?
1
Let z(l) = -l**3 - 5*l**2 + 2*l + 2. Let y be z(-6). Suppose -3*r - 31 = 5*a, -4*r = -0*a - a + y. Let u = r + 11. What is the units digit of u?
4
Let m(v) = -v + 2. Let p be m(4). Let c be -1 + (-21)/(-3) + p. Suppose -s = -b, b + 14 - 5 = c*s. What is the units digit of s?
3
Let z = 2 + -1. Let c be (z - -6) + 0 + -2. Suppose -3*x + x + 79 = c*o, 3*o + x - 48 = 0. What is the tens digit of o?
1
Suppose -5*c = 2*h - 13, 2*h + 3*h - 48 = 3*c. Let p(b) = -b**2 - 9*b - 17. Let a be p(-5). Suppose 2*t - a = h. What is the units digit of t?
6
Let f be (-6)/15 + (-48)/(-20). What is the units digit of 6/f*-1 + 11?
8
Let f(i) = 46*i**3 + 17*i**2 - 14*i - 20. Let g(k) = -15*k**3 - 6*k**2 + 5*k + 7. Let q(d) = 6*f(d) + 17*g(d). What is the units digit of q(1)?
1
Let l be (14/(-4))/(11/(-22)). Suppose -l*y + 3*y = -4. What is the units digit of y?
1
Let y = -157 + 288. Suppose -12 = 5*t + 3*a - y, -6 = -2*a. What is the units digit of t?
2
What is the units digit of (-4)/(0 - 8/100)?
0
Let u = -82 - -98. What is the tens digit of u?
1
Suppose -4*c - b + 65 = 2*b, 3*c + 2*b = 50. What is the tens digit of c?
2
Suppose h - 4 = -0*h. Let t = h - -7. What is the units digit of t?
1
Let m(b) = -2*b**2 - 44*b - 27. What is the tens digit of m(-17)?
4
Suppose 3*o - 196 = -2*n, 3*o + 4*n + n - 193 = 0. What is the units digit of o?
6
Suppose -220 = -0*v - 4*v. Let r(j) = -j + 12. Let o be r(8). Suppose i + o*i = v. What is the tens digit of i?
1
Suppose 2*m - 4*m - 2 = 0. Let b = 1 - -1. What is the units digit of m/(((-2)/b)/12)?
2
Let w = -2 + 4. Suppose -3 = -3*v - w*t - 40, -5*v - 57 = t. Let i = 16 + v. What is the units digit of i?
5
Let b be (20/25)/((-2)/(-5)). Suppose f + 67 = 3*p - 0*f, 34 = p + b*f. Suppose o + o = p. What is the tens digit of o?
1
Suppose -5*h - 2*n = -887, 9*h = 12*h + 3*n - 525. What is the hundreds digit of h?
1
Suppose -4*u = -4*a + 348, 3*a + 0*u + 2*u = 251. What is the tens digit of a?
8
Let b = -17 - -28. Let z = b 